er when c is divided by 3?
2
Let j = -4 + 6. Suppose -2 = 3*y - j*n - 54, -3*n = y - 10. Calculate the remainder when 29 is divided by y.
13
Calculate the remainder when 35 is divided by (-128)/(-7) + (-10)/35.
17
Suppose 0 = 3*t + 2*v - 82, -2*t = -11*v + 10*v - 43. Calculate the remainder when 94 is divided by t.
22
Let w = -41 + 70. Calculate the remainder when w is divided by (-116)/(-14) + (-2)/7.
5
Suppose m - 11 = -3*a, 3*a = 2*m - a - 72. Let r = m + -16. What is the remainder when 28 is divided by r?
8
Suppose -6*k = -k - 80. Let g(d) = 3*d + 94. Calculate the remainder when g(-11) is divided by k.
13
Suppose 3*t - 5*x - 5 + 15 = 0, 3*t + 6 = 3*x. Let g = t + 4. What is the remainder when 1/(-3) + 66/9 is divided by g?
3
Let c = 47 - -1. Let n = 49 + -39. Calculate the remainder when c is divided by n.
8
Let a = 60 - 39. Suppose 2*c - a + 1 = 0. What is the remainder when 39 is divided by c?
9
Suppose -3*g + 4*y - 3*y + 50 = 0, 0 = -g + 2*y + 25. Calculate the remainder when 56 is divided by g.
11
Suppose 4*s = 2*m - 3*m + 141, 2*s + m - 71 = 0. Suppose 5*b - s = -0*b. Calculate the remainder when 13 is divided by b.
6
Let g(o) = 3*o**3 - 2*o + 3. Let a be g(3). Suppose -3*v = -2*w + 35 + 8, -4*w - 2*v + a = 0. What is the remainder when 56 is divided by w?
16
Calculate the remainder when 87 is divided by (30/(-4))/((-5)/10).
12
Suppose 21 + 327 = 6*j. Let x(f) be the third derivative of f**4/8 - 2*f**3/3 + 2*f**2. What is the remainder when j is divided by x(8)?
18
Let i = 15 - 11. Let z(b) = -8*b - 11. Let m(q) = 8*q + 10. Let l(d) = 6*m(d) + 5*z(d). Calculate the remainder when l(i) is divided by 10.
7
Suppose -o = -2 - 4. Suppose 2*z + z + 2*p - 58 = 0, 0 = 3*z + 5*p - 73. What is the remainder when z is divided by o?
4
Suppose 21 = -5*s - f, s = -4*f + 6 + 5. Let y = s - -8. Let x = 36 + y. Calculate the remainder when x is divided by 20.
19
Let q = 52 - 48. Calculate the remainder when 16 is divided by q.
0
Suppose -3*t - 36 - 66 = 0. Let r = t - -64. What is the remainder when r is divided by 16?
14
Let m = -48 + 80. Suppose q + 3*f + 8 = -f, 2*f + m = 3*q. What is the remainder when ((1 - 0) + -12)*-2 is divided by q?
6
Let h(k) = -k**3 + 5*k**2 - 15. Calculate the remainder when 2 is divided by h(4).
0
Let w = -26 + 29. Suppose p + 4*l = -2*p + 20, p - 12 = 4*l. What is the remainder when p is divided by w?
2
Suppose 0 = 2*h - 5*f - 63, 0*h + 3*h = -f + 120. Let t(q) = q + 20. Calculate the remainder when h is divided by t(0).
19
Suppose 216 = 3*u + u. Let a = -4 - -18. What is the remainder when u is divided by a?
12
Suppose 9 = 2*u - 45. What is the remainder when u is divided by 15?
12
Suppose 4*d - 25 = 3*g + 65, 3*g + 66 = 3*d. Calculate the remainder when 166 is divided by d.
22
Let b(r) be the third derivative of 0 - 1/3*r**3 + 0*r + 2*r**2 - 1/8*r**4 + 1/60*r**5. Calculate the remainder when 4 is divided by b(4).
0
Let g be 7/(-3*2/(-12)). Let h = 21 - g. Let v(k) = k**2 + 13. What is the remainder when v(0) is divided by h?
6
Let u be 0/1*(-3)/(-6). Suppose 0 = -u*b + 5*b - 10. Suppose -3*c + 2*y + 260 = 2*c, 0 = b*y. Calculate the remainder when c is divided by 18.
16
Suppose 6*g = -112 + 370. What is the remainder when g is divided by 9?
7
Suppose 0*j - 140 = 5*j. Suppose 0 = 2*x - 6*x + 60. Let o = x - j. What is the remainder when o is divided by 15?
13
Calculate the remainder when 53 is divided by 10/((-56)/(-12) - 4).
8
Let p = -6 + 14. Let z be (-469)/(-14)*(-1 - -3). Let x = -45 + z. What is the remainder when x is divided by p?
6
Let c = -4 - -8. Calculate the remainder when 15 is divided by c.
3
Let h(l) = -112*l - 2. Calculate the remainder when h(-1) is divided by 19.
15
Let w be (-3)/12 - 1/(-4). Suppose -3*s + 5*a + 7 = w, -6 - 1 = s - 4*a. What is the remainder when 26 is divided by s?
8
Calculate the remainder when (-2)/24*-4*51 is divided by 15.
2
Let d(i) = 0*i**2 + 2 - i**3 + 2*i**3 + i**2. Calculate the remainder when 25 + (-3)/(-1) - 1 is divided by d(2).
13
Let g = 24 - 34. Let y = 27 + g. Let l = y - 8. Calculate the remainder when 17 is divided by l.
8
Let p = -160 + 81. Let o = p + 150. Suppose 119 - 29 = 5*c. Calculate the remainder when o is divided by c.
17
Suppose -5*w + 2*t + 32 = -w, 8 = 4*t. Let q = w - -8. What is the remainder when 31 is divided by q?
14
Suppose 440 = 3*n + n. Suppose -3*h - 2*h + n = 0. Let r = 57 - h. What is the remainder when r is divided by 12?
11
Suppose 32 = 3*s + 2*l - 17, -5*s + 3*l + 50 = 0. Let i = 3 - -2. What is the remainder when s is divided by i?
3
What is the remainder when (52/(-10))/(3/(-15)) is divided by 12/(-18) - (-29)/3?
8
Let g(v) = 18*v. Let p be g(1). Let x = -30 + p. Let j = -9 - x. What is the remainder when j is divided by 2?
1
Suppose -22*i + 24*i - 2 = 0. Calculate the remainder when 4 is divided by i.
0
Let o be (2 + 18/(-4))*-10. Calculate the remainder when 33/(-11)*(-37)/3 is divided by (1 + (-3)/5)*o.
7
Let w(q) = -q**3 - 12*q**2 - 6*q - 27. What is the remainder when 88 is divided by w(-12)?
43
Suppose -23 + 6 = -t - 5*i, 5*t = -2*i + 39. Calculate the remainder when 19 is divided by t.
5
Let t = 15 + -3. Calculate the remainder when 92 is divided by t.
8
Let d(q) = 48*q - 6. Calculate the remainder when d(2) is divided by 23.
21
Suppose -2*a - 19 = -55. Let m(c) be the first derivative of -5*c**2/2 - c + 3. What is the remainder when m(-7) is divided by a?
16
Suppose -3*c + 1 + 5 = 0, a + 5*c = 77. What is the remainder when a is divided by 17?
16
Let u = -40 - -84. Let s = -14 - -29. Calculate the remainder when u is divided by s.
14
Let q(x) = 2*x**3 - 2*x**2 - 3*x + 4. Let b be 3/(-9)*-3 + 2. Calculate the remainder when q(b) is divided by 11.
9
Suppose -u + 0*u - 14 = 0. Let l = 45 + u. What is the remainder when l is divided by 11?
9
Let m = -24 + 42. Calculate the remainder when m is divided by 7.
4
Suppose 0 = -2*a, -4*p - 3*a + 228 = -0*a. Let z(r) = -6*r - 30. Calculate the remainder when p is divided by z(-10).
27
Let u(k) = -k**2 - 6*k + 10. Let w be u(-7). Let q = 16 - w. Let m = -12 - -19. What is the remainder when q is divided by m?
6
Suppose -5*b + 41 = p, b - 3*p + 6 = 3*b. Let x = 128 - 124. What is the remainder when b is divided by x?
1
Suppose 0*m + 2*m = 5*o - 371, 2*o + 3*m = 137. Calculate the remainder when o is divided by 25.
23
Suppose -u + 12 = 4*g - 27, u - 45 = -2*g. Calculate the remainder when u is divided by 3/((-15)/(-10)) - (-13 - -2).
12
Let m be -2*(2 - 1/(-2)). Let v = 31 + m. Calculate the remainder when v is divided by 9.
8
Let v = -20 - -33. Let d = -8 + 16. Suppose -d*f + 4*f = -148. What is the remainder when f is divided by v?
11
Suppose 10*d = 12*d - 110. Let i = 32 + -18. What is the remainder when d is divided by i?
13
Let k = 11 + -6. Let j(w) = -w**3 + 6*w**2 - 5*w - 1. Let b be j(k). Let v = 9 + b. What is the remainder when 23 is divided by v?
7
Let w(i) = 2*i**2 + 2*i - 1. Calculate the remainder when w(-3) is divided by 6.
5
Let o = 54 + 13. Calculate the remainder when o is divided by 26.
15
Let b be -4 + (2 + 2 - 2). Let x be ((-3)/(-6))/(b/(-4)). Calculate the remainder when 0 + x/1 - -22 is divided by 8.
7
Suppose 4*h = -4*h + 584. What is the remainder when h is divided by 25?
23
Let q be (-5)/25 - (-761)/5. What is the remainder when (q/(-6))/((-14)/21) is divided by 13?
12
Let j(f) = 2*f**3 - f**2 + f + 2. Let g be j(2). Let u = g + -6. What is the remainder when 28 is divided by u?
8
Let c(l) = -2 + 4*l + 0 + 0. What is the remainder when c(5) is divided by 10?
8
Let x(w) = 6*w + 1. Calculate the remainder when 13 is divided by x(1).
6
Let y be (4/(-1 - 1))/2. Let o be (-5)/((-5)/(-26))*y. Suppose -o = -2*c - 4. Calculate the remainder when 32 is divided by c.
10
Let h = 99 - 10. Calculate the remainder when h is divided by 13.
11
Suppose 2*o - 7*o - 11 = -h, 2*o = -6. Calculate the remainder when 17 is divided by 6/h - 30/(-4).
5
Let m be (-237)/(-9) + (-2)/(-3). Let i = m + 2. What is the remainder when 56 is divided by i?
27
Let g = -3 + 5. Calculate the remainder when g is divided by -3 + 1*6/(-3) + 6.
0
Let a(o) = -13*o**3 - 1. What is the remainder when -3 + 0 + (-2 - -38) is divided by a(-1)?
9
Let z be (-3 - 41)/((-4)/6). Let u = z + -37. What is the remai